{"id":277,"date":"2024-10-18T19:32:41","date_gmt":"2024-10-18T19:32:41","guid":{"rendered":"https:\/\/hsbew.de\/?page_id=277"},"modified":"2024-10-18T20:11:23","modified_gmt":"2024-10-18T20:11:23","slug":"impressum","status":"publish","type":"page","link":"https:\/\/hsbew.de\/?page_id=277","title":{"rendered":"Impressum"},"content":{"rendered":"\n<p class=\"has-black-color has-white-background-color has-text-color has-background has-link-color has-medium-font-size wp-elements-d2d607071a1ea7718d27fe4bf62caedc\" style=\"font-style:normal;font-weight:400\">Eric Wilhelm<br>Heizung-Sanit\u00e4r<br>Rosenstra\u00dfe 19 <br>66773 Schwalbach<\/p>\n\n\n\n<p class=\"has-black-color has-white-background-color has-text-color has-background has-link-color has-medium-font-size wp-elements-c458d207919d74371a76467a4e3473cf\" style=\"font-style:normal;font-weight:400\">Telefon: 06831 4877440<br>Telefax: 06831 4877442<\/p>\n\n\n\n<p class=\"has-black-color has-white-background-color has-text-color has-background has-link-color has-medium-font-size wp-elements-50918f87847a1b56a2e2e19de9672939\" style=\"font-style:normal;font-weight:400\">E-Mail: info@hsbew.de<br>Internet: www.hsbew.de<\/p>\n\n\n\n<p class=\"has-black-color has-white-background-color has-text-color has-background has-link-color has-medium-font-size wp-elements-aec3ab9f8616d88f99de54c00b61bc11\" style=\"font-style:normal;font-weight:400\">Vertreten durch:<br>Eric Wilhelm<\/p>\n\n\n\n<p class=\"has-text-align-center has-black-color has-white-background-color has-text-color has-background has-link-color has-medium-font-size wp-elements-ff2c02325a19c0fa6a1b1fdfc80279d4\" style=\"font-style:normal;font-weight:400\">Haftungshinweis:<br>Trotz sorgf\u00e4ltiger inhaltlicher Kontrolle \u00fcbernehmen wir keine Haftung f\u00fcr die Inhalte externer Links. F\u00fcr den Inhalt der verlinkten Seiten sind ausschlie\u00dflich deren Betreiber verantwortlich.<\/p>\n","protected":false},"excerpt":{"rendered":"<p>Eric WilhelmHeizung-Sanit\u00e4rRosenstra\u00dfe 19 66773 Schwalbach Telefon: 06831 4877440Telefax: 06831 4877442 E-Mail: info@hsbew.deInternet: www.hsbew.de Vertreten durch:Eric Wilhelm Haftungshinweis:Trotz sorgf\u00e4ltiger inhaltlicher Kontrolle \u00fcbernehmen wir keine Haftung f\u00fcr die Inhalte externer Links. F\u00fcr den Inhalt der verlinkten Seiten sind ausschlie\u00dflich deren Betreiber verantwortlich.<\/p>\n","protected":false},"author":1,"featured_media":166,"parent":0,"menu_order":0,"comment_status":"closed","ping_status":"closed","template":"","meta":{"_ti_tpc_template_sync":false,"_ti_tpc_template_id":"","footnotes":""},"class_list":["post-277","page","type-page","status-publish","has-post-thumbnail","hentry"],"_links":{"self":[{"href":"https:\/\/hsbew.de\/index.php?rest_route=\/wp\/v2\/pages\/277"}],"collection":[{"href":"https:\/\/hsbew.de\/index.php?rest_route=\/wp\/v2\/pages"}],"about":[{"href":"https:\/\/hsbew.de\/index.php?rest_route=\/wp\/v2\/types\/page"}],"author":[{"embeddable":true,"href":"https:\/\/hsbew.de\/index.php?rest_route=\/wp\/v2\/users\/1"}],"replies":[{"embeddable":true,"href":"https:\/\/hsbew.de\/index.php?rest_route=%2Fwp%2Fv2%2Fcomments&post=277"}],"version-history":[{"count":5,"href":"https:\/\/hsbew.de\/index.php?rest_route=\/wp\/v2\/pages\/277\/revisions"}],"predecessor-version":[{"id":296,"href":"https:\/\/hsbew.de\/index.php?rest_route=\/wp\/v2\/pages\/277\/revisions\/296"}],"wp:featuredmedia":[{"embeddable":true,"href":"https:\/\/hsbew.de\/index.php?rest_route=\/wp\/v2\/media\/166"}],"wp:attachment":[{"href":"https:\/\/hsbew.de\/index.php?rest_route=%2Fwp%2Fv2%2Fmedia&parent=277"}],"curies":[{"name":"wp","href":"https:\/\/api.w.org\/{rel}","templated":true}]}}